{"id":162,"date":"2017-07-25T14:16:24","date_gmt":"2017-07-25T11:16:24","guid":{"rendered":"http:\/\/www.mpguvenlik.com.tr\/?page_id=162"},"modified":"2018-10-23T18:08:17","modified_gmt":"2018-10-23T15:08:17","slug":"tarihcemiz","status":"publish","type":"page","link":"http:\/\/www.mpguvenlik.com.tr\/index.php\/hakkimizda\/tarihcemiz\/","title":{"rendered":"Tarih\u00e7e"},"content":{"rendered":"<div class=\"vc_row wpb_row vc_row-fluid\"><div class=\"wpb_column vc_column_container vc_col-sm-6\"><div class=\"vc_column-inner \"><div class=\"wpb_wrapper\">\n\t<div class=\"wpb_single_image wpb_content_element vc_align_center\">\n\t\t\n\t\t<figure class=\"wpb_wrapper vc_figure\">\n\t\t\t<div class=\"vc_single_image-wrapper vc_box_shadow_border  vc_box_border_grey\"><img loading=\"lazy\" decoding=\"async\" width=\"300\" height=\"249\" src=\"http:\/\/www.mpguvenlik.com.tr\/wp-content\/uploads\/2017\/07\/mpguvenlik-logo-300x136.png\" class=\"vc_single_image-img attachment-full\" alt=\"\" srcset=\"http:\/\/www.mpguvenlik.com.tr\/wp-content\/uploads\/2017\/07\/mpguvenlik-logo-300x136-200x166.png 200w, http:\/\/www.mpguvenlik.com.tr\/wp-content\/uploads\/2017\/07\/mpguvenlik-logo-300x136.png 300w\" sizes=\"(max-width: 300px) 100vw, 300px\" \/><\/div>\n\t\t<\/figure>\n\t<\/div>\n<\/div><\/div><\/div><div class=\"wpb_column vc_column_container vc_col-sm-6\"><div class=\"vc_column-inner \"><div class=\"wpb_wrapper\">\n\t<div class=\"wpb_text_column wpb_content_element \">\n\t\t<div class=\"wpb_wrapper\">\n\t\t\t<p>MP G\u00dcVENL\u0130K L\u0130M\u0130TED \u015e\u0130RKET\u0130; T\u00fcrk Silahl\u0131 Kuvvetleri\u2019nin en se\u00e7kin birliklerinde (\u00d6zel Kuvvetler, Komando, \u00d6zel Koruma) \u00e7e\u015fitli kademelerde uzun y\u0131llar komutanl\u0131k ve koruma\/g\u00fcvenlik \u00f6\u011fretmenli\u011fi yapm\u0131\u015f, koruma ve g\u00fcvenlik konusunda yeterli bilgiye ve tecr\u00fcbeye sahip, albay r\u00fctbesinde emekli olan M. P. taraf\u0131ndan 01 Aral\u0131k 2015 tarihinde kurulmu\u015ftur.\u015eirket ismini, kurucusunun isminin ba\u015f harflerinden alm\u0131\u015ft\u0131r.<\/p>\n\n\t\t<\/div>\n\t<\/div>\n<\/div><\/div><\/div><\/div><div class=\"vc_row wpb_row vc_row-fluid\"><div class=\"wpb_column vc_column_container vc_col-sm-12\"><div class=\"vc_column-inner \"><div class=\"wpb_wrapper\">\n\t<div class=\"wpb_text_column wpb_content_element \">\n\t\t<div class=\"wpb_wrapper\">\n\t\t\t<p>\u015eirketin kurulu\u015f amac\u0131; ba\u015fta 5188 Say\u0131l\u0131 \u00d6zel G\u00fcvenlik Hizmetlerine Dair Kanun ile di\u011fer ilgili kanun ve y\u00f6netmeliklere ba\u011fl\u0131 kalarak; fiziki g\u00fcvenlik,VIP koruma,site g\u00fcvenli\u011fi,para\/k\u0131ymetli e\u015fya nakil g\u00fcvenli\u011fi ve \u00f6zel g\u00fcvenlik e\u011fitimi gibi \u00f6zel g\u00fcvenlik hizmetlerinin her alan\u0131nda kaliteli hizmet vermektir.<\/p>\n<p>Kuruldu\u011fu tarihten itibaren Kamu ve \u00d6zel sekt\u00f6rde g\u00fcvenlik ihtiya\u00e7lar\u0131n\u0131 kar\u015f\u0131lamaya ba\u015flam\u0131\u015ft\u0131r. Halen bu faaliyetlerini s\u00fcrekli geli\u015ftirerek ve b\u00fcy\u00fcterek ba\u015far\u0131 ile s\u00fcrd\u00fcrmektedir.Kamu ve \u00d6zel sekt\u00f6rde bulunan kurum ve kurulu\u015flar\u0131n g\u00fcvenli\u011fini 7\/24 esas\u0131na g\u00f6re sa\u011flayan MP G\u00fcvenlik; g\u00fcvenlik sekt\u00f6r\u00fcyle ilgili her t\u00fcrl\u00fc teknoloji ve bilgiyi hizmetlerinde kullanarak,konusunda tecr\u00fcbeli y\u00f6netici ve g\u00fcvenlik personeli ile m\u00fc\u015fteri memnuniyetini en \u00fcst seviyeye \u00e7\u0131kartmak i\u00e7in hizmet kalitesinden \u00f6d\u00fcn vermeden \u00f6zel g\u00fcvenlik ve koruma hizmetlerine devam etmektedir.<\/p>\n\n\t\t<\/div>\n\t<\/div>\n<\/div><\/div><\/div><\/div>\n","protected":false},"excerpt":{"rendered":"MP G\u00dcVENL\u0130K L\u0130M\u0130TED \u015e\u0130RKET\u0130; T\u00fcrk Silahl\u0131 Kuvvetleri\u2019nin en se\u00e7kin birliklerinde (\u00d6zel Kuvvetler, Komando, \u00d6zel Koruma) \u00e7e\u015fitli kademelerde uzun y\u0131llar komutanl\u0131k ve koruma\/g\u00fcvenlik \u00f6\u011fretmenli\u011fi yapm\u0131\u015f, koruma ve g\u00fcvenlik konusunda yeterli bilgiye ve tecr\u00fcbeye sahip, albay r\u00fctbesinde emekli olan M. P. taraf\u0131ndan 01 Aral\u0131k 2015 tarihinde kurulmu\u015ftur.\u015eirket ismini, kurucusunun isminin ba\u015f harflerinden alm\u0131\u015ft\u0131r. \u015eirketin kurulu\u015f amac\u0131; ba\u015fta [...]","protected":false},"author":1,"featured_media":0,"parent":150,"menu_order":0,"comment_status":"closed","ping_status":"closed","template":"","meta":{"footnotes":""},"_links":{"self":[{"href":"http:\/\/www.mpguvenlik.com.tr\/index.php\/wp-json\/wp\/v2\/pages\/162"}],"collection":[{"href":"http:\/\/www.mpguvenlik.com.tr\/index.php\/wp-json\/wp\/v2\/pages"}],"about":[{"href":"http:\/\/www.mpguvenlik.com.tr\/index.php\/wp-json\/wp\/v2\/types\/page"}],"author":[{"embeddable":true,"href":"http:\/\/www.mpguvenlik.com.tr\/index.php\/wp-json\/wp\/v2\/users\/1"}],"replies":[{"embeddable":true,"href":"http:\/\/www.mpguvenlik.com.tr\/index.php\/wp-json\/wp\/v2\/comments?post=162"}],"version-history":[{"count":10,"href":"http:\/\/www.mpguvenlik.com.tr\/index.php\/wp-json\/wp\/v2\/pages\/162\/revisions"}],"predecessor-version":[{"id":595,"href":"http:\/\/www.mpguvenlik.com.tr\/index.php\/wp-json\/wp\/v2\/pages\/162\/revisions\/595"}],"up":[{"embeddable":true,"href":"http:\/\/www.mpguvenlik.com.tr\/index.php\/wp-json\/wp\/v2\/pages\/150"}],"wp:attachment":[{"href":"http:\/\/www.mpguvenlik.com.tr\/index.php\/wp-json\/wp\/v2\/media?parent=162"}],"curies":[{"name":"wp","href":"https:\/\/api.w.org\/{rel}","templated":true}]}}